mmon factor of t and i?
10
Let c = 5 - 2. Suppose 91 + 65 = c*o. Calculate the highest common divisor of o and 13.
13
Suppose -3*x - 2*v = -0*v - 24, 3*x + v = 27. Let i(o) = 45*o - 175. Let z be i(5). Calculate the greatest common divisor of x and z.
10
Let v = 104 + -102. Let s be 24/v*(2*1)/2. Calculate the highest common divisor of 108 and s.
12
Let s(n) = n**3 - n**2 + 6*n - 6. Let y = -54 + 58. Let b be s(y). Calculate the highest common divisor of 99 and b.
33
Suppose 5*t = -2*s - 158, -2*t + 3*s = 16 + 32. Let i be 556/(-10) - t/50. Let b be i/(-4) - (-6)/24. Calculate the highest common factor of b and 28.
14
Suppose 0 = -5*j - 3*t - 48, 4*j + 4*t + t + 41 = 0. Let q = 37 + j. What is the highest common factor of 28 and q?
28
Suppose 8*w - 18 - 30 = 0. Suppose 4*t - 3*n - 4 = w*t, 2*n = -4. Calculate the highest common divisor of 3 and t.
1
Let w(r) = 33*r - 117. Let z be w(4). Calculate the greatest common divisor of z and 480.
15
Let w be -3*(1 - 7/3). Suppose 9*k - 77 - w = 0. Let d = 11 - -16. Calculate the greatest common factor of k and d.
9
Suppose 16*j + 4 + 12 = 0. Suppose d + 1912 = -0*d. Let l be j/(-5) + d/(-40). What is the greatest common divisor of l and 6?
6
Let d be (-7 + -7)*5/2. Let z = -60 - d. Let x = -23 - z. What is the highest common factor of 1 and x?
1
Suppose -4*i + 5*d - 64 = -7*i, 4*d = 5*i - 45. Calculate the greatest common divisor of 91 and i.
13
Let p(n) = 15*n + 45. Let d be p(2). Calculate the greatest common divisor of d and 75.
75
Suppose f + 3*y = 28, f - y - 2*y - 52 = 0. Suppose -268 = -16*p + 52. What is the highest common factor of p and f?
20
Suppose 2*x - 2*n = 70, 4*n - 120 - 28 = -5*x. What is the highest common divisor of 608 and x?
32
Suppose 5*y + 0*y = 2*p - 59, -47 = -p - y. Let b = -69 + 35. Let l = 40 + b. Calculate the highest common factor of p and l.
6
Let x = 366 - 197. Let f = x - 109. What is the highest common divisor of f and 15?
15
Let l = 83 + -41. Let j(x) = 87*x**2 + 4*x + 1. Let s be j(-1). Calculate the greatest common divisor of s and l.
42
Let a be 2 - 0 - (-21 + 0 + 2). What is the highest common factor of 84 and a?
21
Suppose -4*j + 3 = -9. Let w = -3 + 7. Suppose -u - w*r + 25 = -7, 0 = -u + 3*r - 3. Calculate the greatest common divisor of j and u.
3
Let k = 89 + 255. Calculate the greatest common factor of k and 43.
43
Let n(r) = -13*r - 8. Let c(b) = 2*b**2 - 13*b - 12. Let u be c(7). Let i be n(u). What is the greatest common divisor of 57 and i?
57
Let i(c) = c**3 - 5*c**2 - 5*c + 1. Let g be i(6). Let p = 0 - g. Let h(x) = -x - 1. Let t be h(p). Calculate the greatest common factor of 24 and t.
6
Let d = 6 + 3. Let o(v) = 11*v + 9*v + 24 - 17*v. Let i be o(7). What is the highest common factor of i and d?
9
Suppose 7*g - 35*g + 4032 = 0. Calculate the greatest common factor of 9 and g.
9
Let z(p) = 11*p**2 - 21*p - 43. Let k be z(-2). What is the greatest common factor of k and 3827?
43
Let l(x) = 7*x**2 + 17. Let w be l(-8). Suppose -3*c + w = -15. Calculate the highest common divisor of c and 32.
32
Let y be 4/22 + 8264/44. Suppose 0*b = -3*u - 2*b + y, -5*b = -20. Calculate the highest common factor of 12 and u.
12
Suppose -499 = -5*h - m, 4*h + 5*m - 408 + 13 = 0. Suppose 5*p - 5*k - h = 0, 2*p + 2*k - 14 = 6. Calculate the highest common factor of p and 10.
5
Suppose -778*a + 375 = -763*a. Suppose -4*t + 30 = -2*s, 0*t - 3*t = -s - 20. What is the highest common factor of t and a?
5
Suppose -5 + 2 = -3*g. Suppose -n - k - 3 = 0, g + 2 = 4*n + k. Suppose 2*u + n*x + 9 = 21, x - 1 = 4*u. What is the greatest common divisor of 9 and u?
1
Let l be (1284/24)/((-2)/(-4)). Suppose k + 25 = x - 2*k, 3*k - l = -5*x. Calculate the greatest common factor of x and 11.
11
Let c be ((-80)/44)/((-2)/11). What is the highest common divisor of c and 280?
10
Let s be 88/5 + (-2)/(-5). Let h = s - 16. Let l(z) = z**3 + 5*z**2 + 3*z + 4. Let q be l(-4). What is the highest common factor of h and q?
2
Suppose 10 = -5*x + n + 22, 4*n - 12 = 0. Let t = 45 + -21. What is the highest common divisor of t and x?
3
Suppose 2*y - 2 - 20 = 0. Suppose 5*g = y + 4. Let c(r) = -r - 7. Let b be c(-8). Calculate the highest common factor of b and g.
1
Let l = 64 + -72. Let s be (l/6)/((16/(-12))/2). Calculate the highest common factor of s and 5.
1
Let s(k) be the second derivative of -k**3/3 + 30*k**2 - 3*k. Let w be (3/15*0)/(-1 - -2). Let n be s(w). What is the greatest common factor of n and 24?
12
Suppose -522*d - 3584 = -530*d. What is the highest common factor of d and 336?
112
Suppose 0*m - 4*m = -184. Let w be m + -3 + (-4)/(-2). Calculate the greatest common factor of w and 15.
15
Let a = 0 + -6. Let r be 50/(a - -4)*24/(-10). Calculate the greatest common factor of r and 12.
12
Let a(d) = 103*d**2 - d - 1. Let z be a(-1). Let l = z - 13. Calculate the greatest common factor of 60 and l.
30
Let p be ((-172)/8)/((-1)/2)*19. Suppose -7*w + p = -1339. What is the greatest common factor of 28 and w?
28
Let f(j) = -2*j**3 + 6*j**2 + 21*j - 53. Let o be f(-5). What is the highest common factor of o and 176?
22
Suppose -4*x + 6 = g, -5*g - x = -8 - 3. Suppose 2*l + g = -3*r + 9, 0 = l - 2*r. Let i = 19 + -9. What is the highest common factor of i and l?
2
Suppose -1960 = -28*o + 24*o. What is the greatest common divisor of 70 and o?
70
Suppose 3*z = -v + 677, 112 - 998 = -4*z + 2*v. Let k(b) = 79*b - 604. Let p be k(8). What is the highest common factor of p and z?
28
Let y be (-3)/(-3 + (-310)/(-105)). Suppose -5*s - 3*i = -95, 0*s = 3*s + 3*i - y. What is the highest common factor of s and 48?
16
Suppose 2*k + 10 = 0, k = 2*i - 0*i - 293. Calculate the highest common factor of i and 16.
16
Suppose -5*y = -2*u + 88, -12*u = -7*u + 5*y - 185. What is the highest common factor of u and 26?
13
Suppose -3*q + 5*q + 35 = 5*y, -4*q - 20 = 0. Suppose y*v = 9*v - 60. Let m = -19 - -34. What is the greatest common divisor of v and m?
15
Let a(s) = -18*s**3 - 6*s**2 + 7*s + 1. Let v be a(2). Let w = 162 + v. What is the greatest common divisor of w and 18?
9
Let v = 16 - -439. Calculate the greatest common factor of 65 and v.
65
Suppose -520 - 270 = -5*l. Let w = -46 + l. Let a(i) = i**3 - 4*i**2 - 2*i - 1. Let v be a(5). What is the greatest common divisor of w and v?
14
Let y be 1 + (-147)/(-6) + 21/(-14). Suppose 3*h = 4*d - 0*h - 36, -5*d = 3*h - 18. What is the highest common factor of y and d?
6
Let w be (12/(-5))/(4/20). Let l be (-6)/(-8) + (-39)/w. Suppose 3*v - 16 = -v. Calculate the greatest common factor of l and v.
4
Suppose 2*o = -3*f + 2*f + 136, 2*o = 5*f - 620. What is the greatest common factor of 99 and f?
9
Let d = -538 + 550. What is the greatest common factor of 348 and d?
12
Let t be 216/(-60)*(-20)/8. Calculate the greatest common divisor of 12 and t.
3
Let w(m) = 2 + m + 3*m - 2*m + 1. Let l be w(-2). Let z be l/((-8)/7 - -1). Calculate the highest common factor of 63 and z.
7
Let z = -136 + 235. Suppose -4*a + z = 11. What is the greatest common divisor of a and 44?
22
Let x = -122 - -122. Let u(p) = -p**2 + p + 7. Let o be u(x). What is the greatest common divisor of 28 and o?
7
Let j = 699 - 669. What is the highest common divisor of 1230 and j?
30
Let r be 1*-20*30/(-8). Let i = 11 + 34. Suppose -105 = -5*q + i. Calculate the greatest common factor of q and r.
15
Let n = 7 - 17. Let x = n - -53. Let w = x - -17. What is the highest common factor of w and 24?
12
Suppose 2*m + 2*m = 12. Let f = -1 + m. Suppose t + f*t - 90 = 0. Calculate the greatest common factor of t and 120.
30
Let n(b) = -b**3 + 11*b**2 - 9*b - 61. Let i be n(9). What is the highest common divisor of 70 and i?
10
Let i(o) = 2*o**2 - 6*o - 10. Let u be i(11). Let p = 254 - u. Calculate the highest common divisor of 11 and p.
11
Let j = 1172 - 802. Calculate the highest common factor of 10 and j.
10
Let s be 15 - 14 - (-1)/(-1). Suppose s = -t + 5*v + 24, -2*v + 0*v = 6. What is the highest common factor of 99 and t?
9
Suppose -43 = 7*f - 169. Let c = 426 + -282. What is the greatest common divisor of c and f?
18
Let j = -107 - -149. What is the greatest common factor of 12 and j?
6
Let x(d) = 2*d - 17. Let f be x(10). Suppose -5*z - 10 = -h, -4*z = 2*h - f*h + 12. Calculate the highest common